t is the remainder when 1025894 is divided by 249?
14
What is the remainder when 3124 is divided by 213?
142
What is the remainder when 1697 is divided by 140?
17
What is the remainder when 9462 is divided by 8?
6
Calculate the remainder when 1593 is divided by 42.
39
Calculate the remainder when 4179 is divided by 2058.
63
What is the remainder when 6955 is divided by 31?
11
Calculate the remainder when 551 is divided by 89.
17
Calculate the remainder when 1657 is divided by 71.
24
Calculate the remainder when 1851 is divided by 168.
3
Calculate the remainder when 339679 is divided by 80.
79
What is the remainder when 4265 is divided by 89?
82
Calculate the remainder when 488374 is divided by 68.
66
Calculate the remainder when 413164 is divided by 206579.
6
Calculate the remainder when 94949 is divided by 31637.
38
What is the remainder when 495 is divided by 275?
220
Calculate the remainder when 4642 is divided by 762.
70
What is the remainder when 1204838 is divided by 51?
14
Calculate the remainder when 419 is divided by 125.
44
What is the remainder when 316356 is divided by 116?
24
Calculate the remainder when 2648 is divided by 98.
2
What is the remainder when 175082 is divided by 58357?
11
Calculate the remainder when 77264 is divided by 822.
818
What is the remainder when 778 is divided by 200?
178
Calculate the remainder when 10422 is divided by 138.
72
What is the remainder when 73897 is divided by 34?
15
Calculate the remainder when 7609 is divided by 79.
25
Calculate the remainder when 8967108 is divided by 10.
8
Calculate the remainder when 2518 is divided by 8.
6
Calculate the remainder when 4459 is divided by 63.
49
Calculate the remainder when 1061990 is divided by 36.
26
Calculate the remainder when 32032 is divided by 224.
0
What is the remainder when 58312 is divided by 215?
47
Calculate the remainder when 76853 is divided by 166.
161
Calculate the remainder when 22538 is divided by 313.
2
Calculate the remainder when 11289 is divided by 225.
39
What is the remainder when 315819 is divided by 13?
10
Calculate the remainder when 124779 is divided by 62381.
17
Calculate the remainder when 20834 is divided by 107.
76
What is the remainder when 329405 is divided by 1599?
11
What is the remainder when 1188 is divided by 197?
6
What is the remainder when 568213 is divided by 401?
397
What is the remainder when 11152 is divided by 203?
190
What is the remainder when 60354 is divided by 129?
111
Calculate the remainder when 418 is divided by 386.
32
Calculate the remainder when 3194 is divided by 127.
19
Calculate the remainder when 337859 is divided by 48.
35
What is the remainder when 1107847 is divided by 50?
47
Calculate the remainder when 235002 is divided by 63.
12
What is the remainder when 201091 is divided by 441?
436
Calculate the remainder when 22725 is divided by 312.
261
Calculate the remainder when 37731 is divided by 12570.
21
Calculate the remainder when 9442 is divided by 2357.
14
What is the remainder when 1990 is divided by 59?
43
Calculate the remainder when 14278 is divided by 1855.
1293
What is the remainder when 184948 is divided by 50?
48
What is the remainder when 5532 is divided by 1777?
201
What is the remainder when 104809 is divided by 466?
425
Calculate the remainder when 67530 is divided by 99.
12
Calculate the remainder when 20496 is divided by 549.
183
What is the remainder when 177309 is divided by 106?
77
What is the remainder when 18243 is divided by 752?
195
What is the remainder when 4133 is divided by 820?
33
What is the remainder when 165733 is divided by 145?
143
What is the remainder when 7335 is divided by 2437?
24
Calculate the remainder when 94132 is divided by 211.
26
What is the remainder when 15581 is divided by 34?
9
What is the remainder when 6919 is divided by 1149?
25
What is the remainder when 1063833 is divided by 18?
15
What is the remainder when 57609 is divided by 4431?
6
Calculate the remainder when 107315 is divided by 23.
20
Calculate the remainder when 69009 is divided by 213.
210
Calculate the remainder when 2642365 is divided by 21.
19
What is the remainder when 5297 is divided by 302?
163
Calculate the remainder when 23695 is divided by 5922.
7
What is the remainder when 308238 is divided by 763?
749
Calculate the remainder when 4785 is divided by 16.
1
Calculate the remainder when 2056054 is divided by 461.
455
What is the remainder when 22946 is divided by 3276?
14
Calculate the remainder when 3108 is divided by 774.
12
What is the remainder when 1862999 is divided by 1800?
1799
What is the remainder when 190309 is divided by 1244?
1221
Calculate the remainder when 6576 is divided by 1307.
41
What is the remainder when 665 is divided by 218?
11
What is the remainder when 215806 is divided by 56?
38
What is the remainder when 10158 is divided by 784?
750
What is the remainder when 13467 is divided by 18?
3
What is the remainder when 125477 is divided by 504?
485
What is the remainder when 2046857 is divided by 265?
262
What is the remainder when 1330 is divided by 488?
354
What is the remainder when 331532 is divided by 165723?
86
What is the remainder when 103891 is divided by 831?
16
What is the remainder when 65848 is divided by 14?
6
Calculate the remainder when 786 is divided by 251.
33
Calculate the remainder when 7755 is divided by 277.
276
Calculate the remainder when 27332 is divided by 9.
8
Calculate the remainder when 310264 is divided by 7.
3
What is the remainder when 16870 is divided by 2843?
2655
Calculate the remainder when 1694 is divided by 95.
79
Calculate the remainder when 139468 is divided by 13.
4
Calculate the remainder when 19474 is divided by 3884.
54
Calculate the remainder when 45463 is divided by 13.
2
What is the remainder when 97055 is divided by 43?
4
What is the remainder when 85220 is divided by 1813?
9
Calculate the remainder when 23114 is divided by 2067.
377
What is the remainder when 12567 is divided by 835?
42
Calculate the remainder when 3102 is divided by 104.
86
Calculate the remainder when 42297 is divided by 20914.
469
Calculate the remainder when 10724 is divided by 778.
610
Calculate the remainder when 14060 is divided by 14042.
18
What is the remainder when 33434 is divided by 1338?
1322
What is the remainder when 150097 is divided by 261?
22
What is the remainder when 2786424 is divided by 19?
17
What is the remainder when 24520 is divided by 37?
26
What is the remainder when 538 is divided by 121?
54
Calculate the remainder when 1478795 is divided by 132.
131
Calculate the remainder when 329843 is divided by 26.
7
Calculate the remainder when 85515 is divided by 170.
5
Calculate the remainder when 6161 is divided by 770.
1
What is the remainder when 257110 is divided by 403?
399
What is the remainder when 102074 is divided by 823?
22
What is the remainder when 188393 is divided by 102?
101
Calculate the remainder when 22423 is divided by 2037.
16
Calculate the remainder when 1286 is divided by 639.
8
Calculate the remainder when 20872 is divided by 5.
2
Calculate the remainder when 1323342 is divided by 33.
9
Calculate the remainder when 583119 is divided by 370.
369
What is the remainder when 4885 is divided by 131?
38
Calculate the remainder when 832473 is divided by 1945.
13
Calculate the remainder when 2227331 is divided by 19.
18
What is the remainder when 5390 is divided by 5235?
155
Calculate the remainder when 3988 is divided by 5.
3
What is the remainder when 279292 is divided by 12143?
3
Calculate the remainder when 38311 is divided by 310.
181
Calculate the remainder when 12954864 is divided by 133.
132
Calculate the remainder when 10624 is divided by 193.
9
Calculate the remainder when 37844 is divided by 9.
8
What is the remainder when 3896 is divided by 257?
41
What is the remainder when 1228098 is divided by 1332?
1326
What is the remainder when 14786 is divided by 4899?
89
What is the remainder when 4586 is divided by 1438?
272
Calculate the remainder when 3550 is divided by 108.
94
Calculate the remainder when 1310316 is divided by 220.
216
What is the remainder when 6114 is divided by 1083?
699
What is the remainder when 86638 is divided by 3?
1
Calculate the remainder when 124747 is divided by 2